{"id":1112,"date":"2009-10-23T16:43:08","date_gmt":"2009-10-23T14:43:08","guid":{"rendered":"http:\/\/www.fffr.de\/?page_id=1112"},"modified":"2009-10-26T17:05:02","modified_gmt":"2009-10-26T15:05:02","slug":"friedenswochen-2009","status":"publish","type":"page","link":"https:\/\/www.fffr.de\/?page_id=1112","title":{"rendered":"Friedenswochen 2009"},"content":{"rendered":"<p><span style=\"font-family: arial,helvetica,sans-serif;\"><strong><a href=\"https:\/\/www.fffr.de\/stuff\/Friedenswoche\/Friedenswoche_09_screen.pdf\" target=\"_blank\">Programm-Flubblatt als PDF<\/a> &#8211; <a href=\"https:\/\/www.fffr.de\/stuff\/Friedenswoche\/Friedenswoche_09_Plakat.PDF\" target=\"_blank\">Plakat als PDF<\/a> &#8211; <a href=\"https:\/\/www.fffr.de\/?page_id=1117\">Veranstaltungs\u00fcbersicht<\/a><\/strong><\/span><\/p>\n<div>\n<div><span style=\"font-family: arial,helvetica,sans-serif;\">Sicherheit nach au\u00dfen und nach innen &#8211; das ist das alles \u00fcbergreifende Thema deutscher Au\u00dfen- und Innenpolitik. Zu dieser Sicherheitspolitik geh\u00f6ren die Auslandseins\u00e4tze der Bundeswehr ebenso wie die zivil-milit\u00e4rische Zusammenarbeit im Innern. Dazu geh\u00f6ren auch die Abwehr und die Abschiebung von Fl\u00fcchtlingen aus Nicht-EU-L\u00e4ndern. Diese sog. Sicherheitspolitik wird zunehmend mit Hilfe moderner \u00dcberwachungstechnik perfektioniert &#8211; bis in die Privatsph\u00e4re der Menschen hinein. Inzwischen w\u00e4chst die Erkenntnis: Immer mehr Sicherheit f\u00fchrt zu immer mehr Einschr\u00e4nkung demokratischer Freiheitsrechte und der Menschenrechte.<\/span><\/div>\n<div><span style=\"font-family: arial,helvetica,sans-serif;\"><br \/>\n<\/span><\/div>\n<div><span style=\"font-family: arial,helvetica,sans-serif;\">Der Einsatz der Bundeswehr im Innern ist vom Grundgesetz untersagt. Die Innenminister von Bund und L\u00e4ndern fordern deshalb seit Jahren eine \u00c4nderung des Grundgesetzes. Schon die Schr\u00f6der-Regierung plante grundgesetzwidrig die zivil-milit\u00e4rische Zusammenarbeit im Inneren. Die Organisation dieser Zusammenarbeit soll 2010 vollendet sein. Sie steht in Zusammenhang mit der fortschreitenden Militarisierung nach innen und au\u00dfen.<\/span><\/div>\n<div><span style=\"font-family: arial,helvetica,sans-serif;\"><br \/>\n<\/span><\/div>\n<div><span style=\"font-family: arial,helvetica,sans-serif;\">Seit Jahren ist die Rede von der Festung Europa. Gemeint ist die Abschottung EU-Europas gegen Emigranten aus Nicht- EU-L\u00e4ndern, vor allem aus den Hunger-, Krisen- und Kriegsregionen auf der Erde. FRONTEX hei\u00dft die europ\u00e4ische Grenzschutzagentur. Dieser Grenzschutz greift weit \u00fcber Europas Grenz- und K\u00fcstenregionen hinaus. In Nordafrika gibt es Einrichtungen und Auffanglager zum Sammeln und Abschieben von Fl\u00fcchtlingen, die nach Europa wollen. Viele tausend Fl\u00fcchtlinge sind vor den K\u00fcsten Europas ertrunken. Gro\u00dfe Flugh\u00e4fen wie Frankfurt sind heute Drehkreuze von Ankunft und Abschiebung in Europa. Die Abschiebung betrifft auch Asylsuchende, die seit Jahren und Jahrzehnten in Europa leben oder sogar hier geboren sind. Ihnen werden keine Menschenrechte gew\u00e4hrt.<\/span><\/div>\n<div><span style=\"font-family: arial,helvetica,sans-serif;\"><br \/>\n<\/span><\/div>\n<div><span style=\"font-family: arial,helvetica,sans-serif;\">Wenn Demokratie und Menschenrechte in Europa Bestand haben sollen, sind Kriege wie in Afghanistan und 1999 in Jugoslawien der falsche Weg, und die von den Regierenden gepredigte Sicherheitsideologie ist kein Mittel zur Befriedung von Gesellschaften.<\/span><\/div>\n<\/div>\n","protected":false},"excerpt":{"rendered":"<p>Programm-Flubblatt als PDF &#8211; Plakat als PDF &#8211; Veranstaltungs\u00fcbersicht Sicherheit nach au\u00dfen und nach innen &#8211; das ist das alles \u00fcbergreifende Thema deutscher Au\u00dfen- und Innenpolitik. Zu dieser Sicherheitspolitik geh\u00f6ren die Auslandseins\u00e4tze der Bundeswehr ebenso wie die zivil-milit\u00e4rische Zusammenarbeit im Innern. Dazu geh\u00f6ren auch die Abwehr und die Abschiebung von Fl\u00fcchtlingen aus Nicht-EU-L\u00e4ndern. Diese sog. [&hellip;]<\/p>\n","protected":false},"author":3,"featured_media":0,"parent":1108,"menu_order":2,"comment_status":"closed","ping_status":"closed","template":"","meta":{"footnotes":""},"class_list":["post-1112","page","type-page","status-publish","hentry","entry"],"_links":{"self":[{"href":"https:\/\/www.fffr.de\/index.php?rest_route=\/wp\/v2\/pages\/1112","targetHints":{"allow":["GET"]}}],"collection":[{"href":"https:\/\/www.fffr.de\/index.php?rest_route=\/wp\/v2\/pages"}],"about":[{"href":"https:\/\/www.fffr.de\/index.php?rest_route=\/wp\/v2\/types\/page"}],"author":[{"embeddable":true,"href":"https:\/\/www.fffr.de\/index.php?rest_route=\/wp\/v2\/users\/3"}],"replies":[{"embeddable":true,"href":"https:\/\/www.fffr.de\/index.php?rest_route=%2Fwp%2Fv2%2Fcomments&post=1112"}],"version-history":[{"count":6,"href":"https:\/\/www.fffr.de\/index.php?rest_route=\/wp\/v2\/pages\/1112\/revisions"}],"predecessor-version":[{"id":1123,"href":"https:\/\/www.fffr.de\/index.php?rest_route=\/wp\/v2\/pages\/1112\/revisions\/1123"}],"up":[{"embeddable":true,"href":"https:\/\/www.fffr.de\/index.php?rest_route=\/wp\/v2\/pages\/1108"}],"wp:attachment":[{"href":"https:\/\/www.fffr.de\/index.php?rest_route=%2Fwp%2Fv2%2Fmedia&parent=1112"}],"curies":[{"name":"wp","href":"https:\/\/api.w.org\/{rel}","templated":true}]}}