{"id":1117,"date":"2009-10-25T18:00:47","date_gmt":"2009-10-25T16:00:47","guid":{"rendered":"http:\/\/www.fffr.de\/?page_id=1117"},"modified":"2009-10-26T17:15:07","modified_gmt":"2009-10-26T15:15:07","slug":"veranstaltungen-2009","status":"publish","type":"page","link":"https:\/\/www.fffr.de\/?page_id=1117","title":{"rendered":"Veranstaltungen 2009"},"content":{"rendered":"<p><span style=\"font-family: arial,helvetica,sans-serif;\"><strong>F\u00fcr den Inhalt der einzelnen Veranstaltungen ist der jeweilige Veranstalter verantwortlich.<\/strong><\/span><\/p>\n<h3><span style=\"font-family: arial,helvetica,sans-serif;\">Wenn Sie die Durchf\u00fchrung der Friedenswochen finanziell unterst\u00fctzen wollen:<\/span><\/h3>\n<p><span style=\"font-family: arial,helvetica,sans-serif;\"><span style=\"font-size: small;\"> Spendenkonto der Freiburger Friedenswoche e.V.:<br \/>\n Konto-Nr. 2281250, Sparkasse Freiburg (BLZ 68050101)<\/span><\/span><\/p>\n<h4><span style=\"font-family: arial,helvetica,sans-serif;\">*******************************************************<\/span><\/h4>\n<div>\n<div>\n<p><strong><span style=\"font-family: arial,helvetica,sans-serif;\">Donnerstag, 5.11.2009<\/span><\/strong><\/p>\n<\/div>\n<h3><span style=\"font-family: arial,helvetica,sans-serif;\">Frontex, Europol und die vernetzte Sicherheit<\/span><\/h3>\n<div><span style=\"font-family: arial,helvetica,sans-serif;\">Vortrag und Diskussion mit Christoph Marischka, Informationsstelle Militarisierung (IMI), T\u00fcbingen, 20.00 h, Caf\u00e9 Velo, Wenzinger Str. 15<\/span><\/div>\n<div><span style=\"font-family: arial,helvetica,sans-serif;\"><br \/>\n <\/span><\/div>\n<div><span style=\"font-family: arial,helvetica,sans-serif;\">Frontex, die europ\u00e4ische Grenzschutzagentur, soll die Eins\u00e4tze von Europol und den Polizeien der EU-Staaten koordinieren beim Abfangen und Abschieben von Migranten aus Nicht-EU-Staaten in enger Kooperation mit Geheimdiensten und Milit\u00e4r und den Beh\u00f6rden sog. Drittstaaten in Osteuropa und Nordafrika.<\/span><\/div>\n<div><span style=\"font-family: arial,helvetica,sans-serif;\"><br \/>\n <\/span><\/div>\n<div><span style=\"font-family: arial,helvetica,sans-serif;\">Veranstalter: Freiburger Friedensforum, Freiburger Friedenswoche e.V.<\/span><\/div>\n<div><span style=\"font-family: arial,helvetica,sans-serif;\"><br \/>\n <\/span><\/div>\n<div><span style=\"font-family: arial,helvetica,sans-serif;\">*******************************************************<\/span><\/div>\n<p><strong><span style=\"font-family: arial,helvetica,sans-serif;\">Dienstag, 10.11.2009<\/span><\/strong><\/p>\n<h3><span style=\"font-family: arial,helvetica,sans-serif;\">Ein Deserteuer der US-Armee begehrt Asyl in Deutschland<\/span><\/h3>\n<div><span style=\"font-family: arial,helvetica,sans-serif;\">Die USA und Deutschland nach dem Irakkrieg <br \/>\n Vortrag von Andr\u00e9 Shepherd (englisch mit deutscher \u00dcbersetzung)<\/span><\/div>\n<div><span style=\"font-family: arial,helvetica,sans-serif;\">19.00 h, DGB-Haus, Hebelstr. 10, Hintereingang im Hof<br \/>\n <\/span><\/div>\n<div><span style=\"font-family: arial,helvetica,sans-serif;\"><br \/>\n <\/span><\/div>\n<div><span style=\"font-family: arial,helvetica,sans-serif;\">Andr\u00e9 Shepherd war US-Soldat im Irak, seine Erfahrungen dort f\u00fchrten ihn zu der Entscheidung, sich der Beteiligung an diesem Krieg aus Gewissensgr\u00fcnden zu entziehen.<\/span><\/div>\n<div><span style=\"font-family: arial,helvetica,sans-serif;\"><br \/>\n <\/span><\/div>\n<div><span style=\"font-family: arial,helvetica,sans-serif;\">Veranstalter: Freiburger Friedensforum, Freiburger Friedenswoche e.V., DFG-VK Gruppe Freiburg, Carl-Schurz-Haus; in Zusammenarbeit mit Connection e.V., Offenbach<\/span><\/div>\n<div><span style=\"font-family: arial,helvetica,sans-serif;\"><br \/>\n <\/span><\/div>\n<div><span style=\"font-family: arial,helvetica,sans-serif;\">*******************************************************<\/span><\/div>\n<p><strong><span style=\"font-family: arial,helvetica,sans-serif;\">Donnerstag, 12.11.2009<\/span><\/strong><\/p>\n<h3><span style=\"font-family: arial,helvetica,sans-serif;\">The Monster&#8217;s on the loose &#8211; &#8222;Bundeswehr wegtreten&#8220; in Freiburg<\/span><\/h3>\n<div><span style=\"font-family: arial,helvetica,sans-serif;\">20.00 h, KTS, Basler Str. 103<br \/>\n <\/span><\/div>\n<div><span style=\"font-family: arial,helvetica,sans-serif;\">Es geht um zivilen Widerstand gegen die forcierte Militarisierung der Gesellschaft, gekennzeichnet durch eine wachsende Anzahl von Propaganda &#8211; und Werbeveranstaltungen der Bundeswehr und durch die enger werdende Verflechtung von Bundeswehr und R\u00fcstungsindustrie mit Wissenschaft und Forschung auch in Freiburg<\/span><\/div>\n<div><span style=\"font-family: arial,helvetica,sans-serif;\">Veranstalter: Gruppe &#8222;zu viel Arbeit&#8220;<\/span><\/div>\n<div><span style=\"font-family: arial,helvetica,sans-serif;\"><br \/>\n <\/span><\/div>\n<div><span style=\"font-family: arial,helvetica,sans-serif;\">*******************************************************<\/span><\/div>\n<p><strong><span style=\"font-family: arial,helvetica,sans-serif;\">Montag, 16.11.2009<\/span><\/strong><\/p>\n<h3><span style=\"font-family: arial,helvetica,sans-serif;\">Flucht und Migration &#8211; &#8222;Die Luft ist schwer wie Blei&#8220;<\/span><\/h3>\n<div><span style=\"font-family: arial,helvetica,sans-serif;\">19.30 h, Universit\u00e4t, KG I, H\u00f6rsaal 1221<\/span><\/div>\n<div><span style=\"font-family: arial,helvetica,sans-serif;\">Filmvorf\u00fchrung und Vortrag mit Diskussion \u00fcber die Situation von Fl\u00fcchtlingen, Asyl- und Schutzsuchenden mit Udo Dreutler, Fl\u00fcchtlingsrat Baden-W\u00fcrttemberg, Stuttgart und Karlsruhe<\/span><\/div>\n<div><span style=\"font-family: arial,helvetica,sans-serif;\">Der preisgekr\u00f6nte Dokumentarfilm der Ende der 90er Jahre entstand, ist noch heute aktuell und gilt als die umfassendste Darstellung der Probleme von Asylbewerbern in Deutschland. Gezeigt wer- den Aufnahmelager und Abschiebegef\u00e4ngnisse, aber auch die Arbeit im Kirchenasyl.<\/span><\/div>\n<div><span style=\"font-family: arial,helvetica,sans-serif;\">Veranstalter: Freiburger Friedensforum, Freiburger Friedenswoche e.V. in Zusammenarbeit mit dem Fl\u00fcchtlingsrat Baden-W\u00fcrttemberg<\/span><\/div>\n<div><span style=\"font-family: arial,helvetica,sans-serif;\"><br \/>\n <\/span><\/div>\n<div><span style=\"font-family: arial,helvetica,sans-serif;\">*******************************************************<\/span><\/div>\n<p><strong><span style=\"font-family: arial,helvetica,sans-serif;\">Donnerstag, 19.11.2009<\/span><\/strong><\/p>\n<h3><span style=\"font-family: arial,helvetica,sans-serif;\">Okkupation des Zivilen &#8211; zivil-milit\u00e4rische Zusammenarbeit in Deutschland<\/span><\/h3>\n<div><span style=\"font-family: arial,helvetica,sans-serif;\">Vortrag und Diskussion mit Paul Sch\u00e4fer, MdB, Fraktion DIE LINKE<\/span><\/div>\n<div><span style=\"font-family: arial,helvetica,sans-serif;\">20.00 h Caf\u00e9 Velo, Wenzinger Str. 15<\/span><\/div>\n<div><span style=\"font-family: arial,helvetica,sans-serif;\">Zivil-milit\u00e4rische Zusammenarbeit diente bisher der Bundeswehr und der NATO im besetzten Ausland der Absicherung milit\u00e4rischer Operabilit\u00e4t. Seit Jahren plant die Bundesregierung am Grund- gesetz vorbei eine engere Kooperation ziviler Beh\u00f6rden mit milit\u00e4rischen Kommandostellen im Inland im Rahmen der &#8222;vernetzten Sicherheit&#8220;.<\/span><\/div>\n<div><span style=\"font-family: arial,helvetica,sans-serif;\">Veranstalter: Freiburger Friedensforum, Freiburger Friedenswoche e.V.<\/span><\/div>\n<div><span style=\"font-family: arial,helvetica,sans-serif;\"><br \/>\n <\/span><\/div>\n<div><span style=\"font-family: arial,helvetica,sans-serif;\">*******************************************************<\/span><\/div>\n<p><strong><span style=\"font-family: arial,helvetica,sans-serif;\">Freitag, 20.11.2009<\/span><\/strong><\/p>\n<h3><span style=\"font-family: arial,helvetica,sans-serif;\">NATO &#8211; Kriege und kein Ende &#8211; kann oder muss es einen Ausstieg aus dem B\u00fcndnis geben?<\/span><\/h3>\n<div><span style=\"font-family: arial,helvetica,sans-serif;\">Vortrag und Diskussion mit Andreas Zumach, freier Journalist, Genf,<\/span><\/div>\n<div><span style=\"font-family: arial,helvetica,sans-serif;\">19.30 h, Universit\u00e4t, KG III, H\u00f6rsaal 3042<\/span><\/div>\n<div><span style=\"font-family: arial,helvetica,sans-serif;\">Nach 8 Jahren NATO-Krieg in Afghanistan wird deutlich, die westliche Politik, die prim\u00e4r auf milit\u00e4rische Gewalt setzte, ist gescheitert. Auch Regierungsmitglieder diskutieren \u00fcber Abzugs- termine. Die Strategien der NATO aber beinhalten weiterhin weltweite Milit\u00e4reins\u00e4tze im Interesse der globalen Vorherrschaft der westlichen Industriestaaten. Damit wird die Verstrickung der NATO-Staaten in immer neue Kriege programmiert.<\/span><\/div>\n<div><span style=\"font-family: arial,helvetica,sans-serif;\">Veranstalter: Freiburger Friedensforum, Freiburger Friedenswoche e.V., u-AStA der Universit\u00e4t<\/span><\/div>\n<div><span style=\"font-family: arial,helvetica,sans-serif;\"><br \/>\n <\/span><\/div>\n<div><span style=\"font-family: arial,helvetica,sans-serif;\">*******************************************************<\/span><\/div>\n<p><strong><span style=\"font-family: arial,helvetica,sans-serif;\">Dienstag, 24.11.2009<\/span><\/strong><\/p>\n<h3><span style=\"font-family: arial,helvetica,sans-serif;\">Der Auftrag<\/span><\/h3>\n<div><span style=\"font-family: arial,helvetica,sans-serif;\">Ein-Mann-Theaterst\u00fcck von und mit dem kurdischen Autor Karzan Mehmud,<\/span><\/div>\n<div><span style=\"font-family: arial,helvetica,sans-serif;\">20.00 h, Theatersaal der Fabrik, Vorderhaus, Habsburger Str. 9, Eintritt: 5,- \u20ac, erm\u00e4\u00dfigt 2,- \u20ac<\/span><\/div>\n<div><span style=\"font-family: arial,helvetica,sans-serif;\">Aus dem wilden Kurdistan kommt Kawa, beauftragt vom kurdischen Volk, mit wichtiger Mission nach Deutschland. Ein Vermittler zwischen der vermeintlich besseren Welt und dem kurdischen Volk mittenten in S\u00fcdostasien, zwischen T\u00fcrkei, Irak, Syrien und Iran. Auf sehr humoristische Art versucht er uns Einblick in seine Heimat zu geben.<\/span><\/div>\n<div><span style=\"font-family: arial,helvetica,sans-serif;\">Veranstalter: Bundesverband DFG-VK, Regionalgruppe Freiburg DFG-VK, Freiburger Friedensforum, Freiburger Friedenswoche e.V.<\/span><\/div>\n<div><span style=\"font-family: arial,helvetica,sans-serif;\"><br \/>\n <\/span><\/div>\n<div><span style=\"font-family: arial,helvetica,sans-serif;\">*******************************************************<\/span><\/div>\n<p><strong><span style=\"font-family: arial,helvetica,sans-serif;\">Mittwoch, 25.11.2009<\/span><\/strong><\/p>\n<h3><span style=\"font-family: arial,helvetica,sans-serif;\">Die Verdammten der Globalisierung<\/span><\/h3>\n<div><span style=\"font-family: arial,helvetica,sans-serif;\">Vortrag und Diskussion mit Martin Glasenapp, medico international, Frankfurt<\/span><\/div>\n<div><span style=\"font-family: arial,helvetica,sans-serif;\">19.30 h, Universit\u00e4t, KG III, H\u00f6rsaal 3043<\/span><\/div>\n<div><span style=\"font-family: arial,helvetica,sans-serif;\">Fl\u00fcchtlinge sind Zeugen unserer Zeit. Tausende sind in ihren Fluchtbooten im Mittelmeer ertrunken. Sie und die \u00dcberlebenden flohen vor ihren Lebensbedingungen, die unertr\u00e4glich geworden waren in Folge von Freihandel, subventionierten Lebensmittelimporten aus den Industriel\u00e4ndern und Klimakatastrophen. Gelingt die Flucht nach Europa, werden sie zur\u00fcckgeschoben in ihre Herkunftsl\u00e4nder. Martin Glasenapp berichtet \u00fcber die Arbeit von medico international mit Hilfsorganisationen in Mauretanien und Mali.<\/span><\/div>\n<div><span style=\"font-family: arial,helvetica,sans-serif;\">Veranstalter: Freiburger Friedensforum, Freiburger Friedenswoche e.V., u-AStA der Universit\u00e4t<\/span><\/div>\n<div><span style=\"font-family: arial,helvetica,sans-serif;\">F\u00fcr den Inhalt der einzelnen Veranstaltungen ist der jeweilige Veranstalter verantwortlich<\/span><\/div>\n<div><span style=\"font-family: arial,helvetica,sans-serif;\">Spendenkonto der Freiburger Friedenswoche e.V. Konto-Nr. 2281250, Sparkasse Freiburg (BLZ 68050101)<\/span><\/div>\n<\/div>\n","protected":false},"excerpt":{"rendered":"<p>F\u00fcr den Inhalt der einzelnen Veranstaltungen ist der jeweilige Veranstalter verantwortlich. Wenn Sie die Durchf\u00fchrung der Friedenswochen finanziell unterst\u00fctzen wollen: Spendenkonto der Freiburger Friedenswoche e.V.: Konto-Nr. 2281250, Sparkasse Freiburg (BLZ 68050101) ******************************************************* Donnerstag, 5.11.2009 Frontex, Europol und die vernetzte Sicherheit Vortrag und Diskussion mit Christoph Marischka, Informationsstelle Militarisierung (IMI), T\u00fcbingen, 20.00 h, Caf\u00e9 Velo, Wenzinger [&hellip;]<\/p>\n","protected":false},"author":12,"featured_media":0,"parent":1112,"menu_order":1,"comment_status":"closed","ping_status":"closed","template":"","meta":{"footnotes":""},"class_list":["post-1117","page","type-page","status-publish","hentry","entry"],"_links":{"self":[{"href":"https:\/\/www.fffr.de\/index.php?rest_route=\/wp\/v2\/pages\/1117","targetHints":{"allow":["GET"]}}],"collection":[{"href":"https:\/\/www.fffr.de\/index.php?rest_route=\/wp\/v2\/pages"}],"about":[{"href":"https:\/\/www.fffr.de\/index.php?rest_route=\/wp\/v2\/types\/page"}],"author":[{"embeddable":true,"href":"https:\/\/www.fffr.de\/index.php?rest_route=\/wp\/v2\/users\/12"}],"replies":[{"embeddable":true,"href":"https:\/\/www.fffr.de\/index.php?rest_route=%2Fwp%2Fv2%2Fcomments&post=1117"}],"version-history":[{"count":11,"href":"https:\/\/www.fffr.de\/index.php?rest_route=\/wp\/v2\/pages\/1117\/revisions"}],"predecessor-version":[{"id":1133,"href":"https:\/\/www.fffr.de\/index.php?rest_route=\/wp\/v2\/pages\/1117\/revisions\/1133"}],"up":[{"embeddable":true,"href":"https:\/\/www.fffr.de\/index.php?rest_route=\/wp\/v2\/pages\/1112"}],"wp:attachment":[{"href":"https:\/\/www.fffr.de\/index.php?rest_route=%2Fwp%2Fv2%2Fmedia&parent=1117"}],"curies":[{"name":"wp","href":"https:\/\/api.w.org\/{rel}","templated":true}]}}

<p><span style="font-family: arial,helvetica,sans-serif;"><strong>Für den Inhalt der einzelnen Veranstaltungen ist der jeweilige Veranstalter verantwortlich.</strong></span></p>
<h3><span style="font-family: arial,helvetica,sans-serif;">Wenn Sie die Durchführung der Friedenswochen finanziell unterstützen wollen:</span></h3>
<p><span style="font-family: arial,helvetica,sans-serif;"><span style="font-size: small;"> Spendenkonto der Freiburger Friedenswoche e.V.:<br />
 Konto-Nr. 2281250, Sparkasse Freiburg (BLZ 68050101)</span></span></p>
<h4><span style="font-family: arial,helvetica,sans-serif;">*******************************************************</span></h4>
<div>
<div>
<p><strong><span style="font-family: arial,helvetica,sans-serif;">Donnerstag, 5.11.2009</span></strong></p>
</div>
<h3><span style="font-family: arial,helvetica,sans-serif;">Frontex, Europol und die vernetzte Sicherheit</span></h3>
<div><span style="font-family: arial,helvetica,sans-serif;">Vortrag und Diskussion mit Christoph Marischka, Informationsstelle Militarisierung (IMI), Tübingen, 20.00 h, Café Velo, Wenzinger Str. 15</span></div>
<div><span style="font-family: arial,helvetica,sans-serif;"><br />
 </span></div>
<div><span style="font-family: arial,helvetica,sans-serif;">Frontex, die europäische Grenzschutzagentur, soll die Einsätze von Europol und den Polizeien der EU-Staaten koordinieren beim Abfangen und Abschieben von Migranten aus Nicht-EU-Staaten in enger Kooperation mit Geheimdiensten und Militär und den Behörden sog. Drittstaaten in Osteuropa und Nordafrika.</span></div>
<div><span style="font-family: arial,helvetica,sans-serif;"><br />
 </span></div>
<div><span style="font-family: arial,helvetica,sans-serif;">Veranstalter: Freiburger Friedensforum, Freiburger Friedenswoche e.V.</span></div>
<div><span style="font-family: arial,helvetica,sans-serif;"><br />
 </span></div>
<div><span style="font-family: arial,helvetica,sans-serif;">*******************************************************</span></div>
<p><strong><span style="font-family: arial,helvetica,sans-serif;">Dienstag, 10.11.2009</span></strong></p>
<h3><span style="font-family: arial,helvetica,sans-serif;">Ein Deserteuer der US-Armee begehrt Asyl in Deutschland</span></h3>
<div><span style="font-family: arial,helvetica,sans-serif;">Die USA und Deutschland nach dem Irakkrieg <br />
 Vortrag von André Shepherd (englisch mit deutscher Übersetzung)</span></div>
<div><span style="font-family: arial,helvetica,sans-serif;">19.00 h, DGB-Haus, Hebelstr. 10, Hintereingang im Hof<br />
 </span></div>
<div><span style="font-family: arial,helvetica,sans-serif;"><br />
 </span></div>
<div><span style="font-family: arial,helvetica,sans-serif;">André Shepherd war US-Soldat im Irak, seine Erfahrungen dort führten ihn zu der Entscheidung, sich der Beteiligung an diesem Krieg aus Gewissensgründen zu entziehen.</span></div>
<div><span style="font-family: arial,helvetica,sans-serif;"><br />
 </span></div>
<div><span style="font-family: arial,helvetica,sans-serif;">Veranstalter: Freiburger Friedensforum, Freiburger Friedenswoche e.V., DFG-VK Gruppe Freiburg, Carl-Schurz-Haus; in Zusammenarbeit mit Connection e.V., Offenbach</span></div>
<div><span style="font-family: arial,helvetica,sans-serif;"><br />
 </span></div>
<div><span style="font-family: arial,helvetica,sans-serif;">*******************************************************</span></div>
<p><strong><span style="font-family: arial,helvetica,sans-serif;">Donnerstag, 12.11.2009</span></strong></p>
<h3><span style="font-family: arial,helvetica,sans-serif;">The Monster&#8217;s on the loose &#8211; &#8222;Bundeswehr wegtreten&#8220; in Freiburg</span></h3>
<div><span style="font-family: arial,helvetica,sans-serif;">20.00 h, KTS, Basler Str. 103<br />
 </span></div>
<div><span style="font-family: arial,helvetica,sans-serif;">Es geht um zivilen Widerstand gegen die forcierte Militarisierung der Gesellschaft, gekennzeichnet durch eine wachsende Anzahl von Propaganda &#8211; und Werbeveranstaltungen der Bundeswehr und durch die enger werdende Verflechtung von Bundeswehr und Rüstungsindustrie mit Wissenschaft und Forschung auch in Freiburg</span></div>
<div><span style="font-family: arial,helvetica,sans-serif;">Veranstalter: Gruppe &#8222;zu viel Arbeit&#8220;</span></div>
<div><span style="font-family: arial,helvetica,sans-serif;"><br />
 </span></div>
<div><span style="font-family: arial,helvetica,sans-serif;">*******************************************************</span></div>
<p><strong><span style="font-family: arial,helvetica,sans-serif;">Montag, 16.11.2009</span></strong></p>
<h3><span style="font-family: arial,helvetica,sans-serif;">Flucht und Migration &#8211; &#8222;Die Luft ist schwer wie Blei&#8220;</span></h3>
<div><span style="font-family: arial,helvetica,sans-serif;">19.30 h, Universität, KG I, Hörsaal 1221</span></div>
<div><span style="font-family: arial,helvetica,sans-serif;">Filmvorführung und Vortrag mit Diskussion über die Situation von Flüchtlingen, Asyl- und Schutzsuchenden mit Udo Dreutler, Flüchtlingsrat Baden-Württemberg, Stuttgart und Karlsruhe</span></div>
<div><span style="font-family: arial,helvetica,sans-serif;">Der preisgekrönte Dokumentarfilm der Ende der 90er Jahre entstand, ist noch heute aktuell und gilt als die umfassendste Darstellung der Probleme von Asylbewerbern in Deutschland. Gezeigt wer- den Aufnahmelager und Abschiebegefängnisse, aber auch die Arbeit im Kirchenasyl.</span></div>
<div><span style="font-family: arial,helvetica,sans-serif;">Veranstalter: Freiburger Friedensforum, Freiburger Friedenswoche e.V. in Zusammenarbeit mit dem Flüchtlingsrat Baden-Württemberg</span></div>
<div><span style="font-family: arial,helvetica,sans-serif;"><br />
 </span></div>
<div><span style="font-family: arial,helvetica,sans-serif;">*******************************************************</span></div>
<p><strong><span style="font-family: arial,helvetica,sans-serif;">Donnerstag, 19.11.2009</span></strong></p>
<h3><span style="font-family: arial,helvetica,sans-serif;">Okkupation des Zivilen &#8211; zivil-militärische Zusammenarbeit in Deutschland</span></h3>
<div><span style="font-family: arial,helvetica,sans-serif;">Vortrag und Diskussion mit Paul Schäfer, MdB, Fraktion DIE LINKE</span></div>
<div><span style="font-family: arial,helvetica,sans-serif;">20.00 h Café Velo, Wenzinger Str. 15</span></div>
<div><span style="font-family: arial,helvetica,sans-serif;">Zivil-militärische Zusammenarbeit diente bisher der Bundeswehr und der NATO im besetzten Ausland der Absicherung militärischer Operabilität. Seit Jahren plant die Bundesregierung am Grund- gesetz vorbei eine engere Kooperation ziviler Behörden mit militärischen Kommandostellen im Inland im Rahmen der &#8222;vernetzten Sicherheit&#8220;.</span></div>
<div><span style="font-family: arial,helvetica,sans-serif;">Veranstalter: Freiburger Friedensforum, Freiburger Friedenswoche e.V.</span></div>
<div><span style="font-family: arial,helvetica,sans-serif;"><br />
 </span></div>
<div><span style="font-family: arial,helvetica,sans-serif;">*******************************************************</span></div>
<p><strong><span style="font-family: arial,helvetica,sans-serif;">Freitag, 20.11.2009</span></strong></p>
<h3><span style="font-family: arial,helvetica,sans-serif;">NATO &#8211; Kriege und kein Ende &#8211; kann oder muss es einen Ausstieg aus dem Bündnis geben?</span></h3>
<div><span style="font-family: arial,helvetica,sans-serif;">Vortrag und Diskussion mit Andreas Zumach, freier Journalist, Genf,</span></div>
<div><span style="font-family: arial,helvetica,sans-serif;">19.30 h, Universität, KG III, Hörsaal 3042</span></div>
<div><span style="font-family: arial,helvetica,sans-serif;">Nach 8 Jahren NATO-Krieg in Afghanistan wird deutlich, die westliche Politik, die primär auf militärische Gewalt setzte, ist gescheitert. Auch Regierungsmitglieder diskutieren über Abzugs- termine. Die Strategien der NATO aber beinhalten weiterhin weltweite Militäreinsätze im Interesse der globalen Vorherrschaft der westlichen Industriestaaten. Damit wird die Verstrickung der NATO-Staaten in immer neue Kriege programmiert.</span></div>
<div><span style="font-family: arial,helvetica,sans-serif;">Veranstalter: Freiburger Friedensforum, Freiburger Friedenswoche e.V., u-AStA der Universität</span></div>
<div><span style="font-family: arial,helvetica,sans-serif;"><br />
 </span></div>
<div><span style="font-family: arial,helvetica,sans-serif;">*******************************************************</span></div>
<p><strong><span style="font-family: arial,helvetica,sans-serif;">Dienstag, 24.11.2009</span></strong></p>
<h3><span style="font-family: arial,helvetica,sans-serif;">Der Auftrag</span></h3>
<div><span style="font-family: arial,helvetica,sans-serif;">Ein-Mann-Theaterstück von und mit dem kurdischen Autor Karzan Mehmud,</span></div>
<div><span style="font-family: arial,helvetica,sans-serif;">20.00 h, Theatersaal der Fabrik, Vorderhaus, Habsburger Str. 9, Eintritt: 5,- €, ermäßigt 2,- €</span></div>
<div><span style="font-family: arial,helvetica,sans-serif;">Aus dem wilden Kurdistan kommt Kawa, beauftragt vom kurdischen Volk, mit wichtiger Mission nach Deutschland. Ein Vermittler zwischen der vermeintlich besseren Welt und dem kurdischen Volk mittenten in Südostasien, zwischen Türkei, Irak, Syrien und Iran. Auf sehr humoristische Art versucht er uns Einblick in seine Heimat zu geben.</span></div>
<div><span style="font-family: arial,helvetica,sans-serif;">Veranstalter: Bundesverband DFG-VK, Regionalgruppe Freiburg DFG-VK, Freiburger Friedensforum, Freiburger Friedenswoche e.V.</span></div>
<div><span style="font-family: arial,helvetica,sans-serif;"><br />
 </span></div>
<div><span style="font-family: arial,helvetica,sans-serif;">*******************************************************</span></div>
<p><strong><span style="font-family: arial,helvetica,sans-serif;">Mittwoch, 25.11.2009</span></strong></p>
<h3><span style="font-family: arial,helvetica,sans-serif;">Die Verdammten der Globalisierung</span></h3>
<div><span style="font-family: arial,helvetica,sans-serif;">Vortrag und Diskussion mit Martin Glasenapp, medico international, Frankfurt</span></div>
<div><span style="font-family: arial,helvetica,sans-serif;">19.30 h, Universität, KG III, Hörsaal 3043</span></div>
<div><span style="font-family: arial,helvetica,sans-serif;">Flüchtlinge sind Zeugen unserer Zeit. Tausende sind in ihren Fluchtbooten im Mittelmeer ertrunken. Sie und die Überlebenden flohen vor ihren Lebensbedingungen, die unerträglich geworden waren in Folge von Freihandel, subventionierten Lebensmittelimporten aus den Industrieländern und Klimakatastrophen. Gelingt die Flucht nach Europa, werden sie zurückgeschoben in ihre Herkunftsländer. Martin Glasenapp berichtet über die Arbeit von medico international mit Hilfsorganisationen in Mauretanien und Mali.</span></div>
<div><span style="font-family: arial,helvetica,sans-serif;">Veranstalter: Freiburger Friedensforum, Freiburger Friedenswoche e.V., u-AStA der Universität</span></div>
<div><span style="font-family: arial,helvetica,sans-serif;">Für den Inhalt der einzelnen Veranstaltungen ist der jeweilige Veranstalter verantwortlich</span></div>
<div><span style="font-family: arial,helvetica,sans-serif;">Spendenkonto der Freiburger Friedenswoche e.V. Konto-Nr. 2281250, Sparkasse Freiburg (BLZ 68050101)</span></div>
</div>

<p>Für den Inhalt der einzelnen Veranstaltungen ist der jeweilige Veranstalter verantwortlich. Wenn Sie die Durchführung der Friedenswochen finanziell unterstützen wollen: Spendenkonto der Freiburger Friedenswoche e.V.: Konto-Nr. 2281250, Sparkasse Freiburg (BLZ 68050101) ******************************************************* Donnerstag, 5.11.2009 Frontex, Europol und die vernetzte Sicherheit Vortrag und Diskussion mit Christoph Marischka, Informationsstelle Militarisierung (IMI), Tübingen, 20.00 h, Café Velo, Wenzinger [&hellip;]</p>
