{"id":204,"date":"2008-07-04T18:17:44","date_gmt":"2008-07-04T16:17:44","guid":{"rendered":"http:\/\/www.rib-ev.de\/blog\/?page_id=204"},"modified":"2013-12-29T20:45:47","modified_gmt":"2013-12-29T18:45:47","slug":"links","status":"publish","type":"page","link":"https:\/\/www.fffr.de\/?page_id=204","title":{"rendered":"Links"},"content":{"rendered":"<p class=\"klein\"><span style=\"font-family: helvetica;\">Wir distanzieren uns ausdr\u00fccklich von allen Inhalten aller verlinkten Seiten und machen uns diese Inhalte nicht zu eigen. Diese Erkl\u00e4rung gilt f\u00fcr alle auf dieser Webseite ver\u00f6ffentlichen Links zu externen Inhalten.<\/span><\/p>\n<hr \/>\n<p><span style=\"font-family: helvetica;\"><a href=\"http:\/\/www.rasthaus-freiburg.org\" target=\"_blank\">http:\/\/www.rasthaus-freiburg.org<\/a><\/span><\/p>\n<p><span style=\"font-family: helvetica;\"><strong>Rasthaus <\/strong>&#8211; &#8222;Wir m\u00f6chten eine Gastst\u00e4tte &#8211; im w\u00f6rtlichen Sinn &#8211; anbieten, die Herberge f\u00fcr Verfolgte sein soll! Wir bieten Gastrecht, Unterst\u00fctzung in allen Lebensfragen, Raum f\u00fcr eigene Ideen, Informationen \u00fcber eine asylfreundliche Behandlung, Rat und Tat in vielen praktischen Dingen. Es wird kein Hotel werden, in dem die M\u00e4chtigen ihren Platz haben. Es wird kein Pl\u00e4tzchen im Villenviertel werden. Aber es kann dies sein: im S\u00fcden dieses gastfeindlichen Landes wollen wir &#8211; im Dreil\u00e4ndereck &#8211; auch etwas anderes bieten: einen Empfangsort f\u00fcr Gefl\u00fcchtete.&#8220;<br class=\"spacer_\" \/><\/span><\/p>\n<hr \/>\n<p><span style=\"font-family: helvetica;\"><a class=\"mgross\" href=\"http:\/\/www.nonviolent-peaceforce.de\">www.nonviolent-peaceforce.de <\/a><\/span><\/p>\n<p><span style=\"font-family: helvetica;\"><strong>Nonviolent Peaceforce<\/strong> ist internationale Friedensorganisation mit \u00fcber 90 Mitgliedsorganisationen. Langfristig ist der Aufbau einer Peaceforce bestehend aus vielen vielen hundert, im Idealfall tausend, Friedensfachkr\u00e4ften geplant.<\/span><\/p>\n<hr \/>\n<p><span style=\"font-family: helvetica;\"><a class=\"mgross\" href=\"http:\/\/www.bits.de\" target=\"_blank\">www.bits.de<\/a><\/span><\/p>\n<p><span style=\"font-family: helvetica;\">Das <strong>Berlin Information-center for Transatlantic Security (BITS) <\/strong>bietet aktuelle und fundierte Analysen, u.a. zum Thema R\u00fcstungsexporte.<\/span><\/p>\n<hr \/>\n<p><span style=\"font-family: helvetica;\"><span class=\"mgross\"><a href=\"http:\/\/www.tdh.de\/content\/themen\/weitere\/kindersoldaten\/index.htm\" target=\"_blank\">www.tdh.de\/content\/themen\/weitere\/kindersoldaten\/index.htm<\/a><\/span><\/span><\/p>\n<p><span style=\"font-family: helvetica;\">Bei <strong>Terre des hommes<\/strong> finden sich viele Informationen zum Thema Kindersoldaten<\/span><\/p>\n<hr \/>\n<p><span style=\"font-family: helvetica;\"><span class=\"mgross\"><a href=\"http:\/\/www.frieden-und-zukunft.de\/netzwerk\/\" target=\"_blank\">www.frieden-und-zukunft.de\/netzwerk\/<\/a><\/span><\/span><\/p>\n<p><span style=\"font-family: helvetica;\">Gewerkschaftliches Netzwerk gegen den Krieg<\/span><\/p>\n<hr \/>\n<p><span style=\"font-family: helvetica;\"><a class=\"mgross\" href=\"http:\/\/www.dfg-vk.de\" target=\"_blank\">www.dfg-vk.de<\/a><\/span><\/p>\n<p><span style=\"font-family: helvetica;\">Die Homepage der Deutschen Friedensgesellschaft &#8211; Vereinigte KriegsdienstgegnerInnen e.V.<\/span><\/p>\n<hr \/>\n<p><span style=\"font-family: helvetica;\"><span class=\"mgross\"><a href=\"http:\/\/www.netzwerkafrika.de\" target=\"_blank\">www.netzwerkafrika.de<\/a><\/span><\/span><\/p>\n<p><span style=\"font-family: helvetica;\">Das <strong>Netzwerk Afrika Deutschland<\/strong> mit interessanten Informationen zur Kleinwaffenproblematik in Afrika<\/span><\/p>\n<hr \/>\n<p><span style=\"font-family: helvetica;\"><a class=\"mgross\" href=\"http:\/\/www.dfg-vk.de\/zc\/\" target=\"_blank\">www.zc-online.de\/<\/a><\/span><\/p>\n<p><span style=\"font-family: helvetica;\">Die Homepage der <strong>ZivilCourage<\/strong>, der Zeitschift der DFG-VK mit vielen aktuellen Informationen und einem Heftarchiv.<\/span><\/p>\n<hr \/>\n<p><span style=\"font-family: helvetica;\"><a class=\"mgross\" href=\"http:\/\/www.tresa-online.org\/index.htm\" target=\"_blank\">http:\/\/www.tresa-online.org\/index.htm<\/a><\/span><\/p>\n<p><span style=\"font-family: helvetica;\">Das <strong>TRESA-Projekt<\/strong> entwickelt Module, die Recherche und Berichterstattung zur Kleinwaffenproblematik erleichtern. Angesiedelt ist es beim Bonn International Center for Conversion (BICC),siehe <a href=\"http:\/\/www.bicc.de\" target=\"_blank\">www.bicc.de <\/a><\/span><\/p>\n<hr \/>\n<p><span style=\"font-family: helvetica;\"><a class=\"mgross\" href=\"http:\/\/www.juergengraesslin.com\" target=\"_blank\">www.juergengraesslin.com<\/a><\/span><\/p>\n<p><span style=\"font-family: helvetica;\">Homepage des Autors und Vorsitzenden des RIB e.V. <strong>J\u00fcrgen Gr\u00e4sslin<\/strong>.<br \/>\nAuf dieser Homepage gibt es viele Informationen zu seinen B\u00fcchern, aktuellen Projekten uvm.<\/span><\/p>\n<hr \/>\n<p><span style=\"font-family: helvetica;\"><a class=\"mgross\" href=\"http:\/\/www.bessereweltlinks.de\/\" target=\"_blank\">www.bessereweltlinks.de\/<\/a><\/span><\/p>\n<p><span style=\"font-family: helvetica;\"><strong>Norbert&#8217;s Bookmarks<\/strong> f\u00fcr engagierte Leute!<br \/>\nEine riesige Linksammlung zum Thema Frieden, Menschenrechte, soziale Gerechtigkeit, Abr\u00fcstung und vielem mehr.<\/span><\/p>\n<hr \/>\n<p><span style=\"font-family: helvetica;\"><a class=\"mgross\" href=\"http:\/\/www.schritte-zur-abruestung.de\" target=\"_blank\">www.schritte-zur-abruestung.de\/<\/a><\/span><\/p>\n<p><span style=\"font-family: helvetica;\">Die Kampagne <strong>Schritte zur Abr\u00fcstung<\/strong> der DVG-VK.<\/span><\/p>\n<p><!-- InstanceEndEditable --><\/p>\n","protected":false},"excerpt":{"rendered":"<p>Wir distanzieren uns ausdr\u00fccklich von allen Inhalten aller verlinkten Seiten und machen uns diese Inhalte nicht zu eigen. Diese Erkl\u00e4rung gilt f\u00fcr alle auf dieser Webseite ver\u00f6ffentlichen Links zu externen Inhalten. http:\/\/www.rasthaus-freiburg.org Rasthaus &#8211; &#8222;Wir m\u00f6chten eine Gastst\u00e4tte &#8211; im w\u00f6rtlichen Sinn &#8211; anbieten, die Herberge f\u00fcr Verfolgte sein soll! Wir bieten Gastrecht, Unterst\u00fctzung in [&hellip;]<\/p>\n","protected":false},"author":12,"featured_media":0,"parent":0,"menu_order":8,"comment_status":"closed","ping_status":"closed","template":"","meta":{"footnotes":""},"class_list":["post-204","page","type-page","status-publish","hentry","entry"],"_links":{"self":[{"href":"https:\/\/www.fffr.de\/index.php?rest_route=\/wp\/v2\/pages\/204","targetHints":{"allow":["GET"]}}],"collection":[{"href":"https:\/\/www.fffr.de\/index.php?rest_route=\/wp\/v2\/pages"}],"about":[{"href":"https:\/\/www.fffr.de\/index.php?rest_route=\/wp\/v2\/types\/page"}],"author":[{"embeddable":true,"href":"https:\/\/www.fffr.de\/index.php?rest_route=\/wp\/v2\/users\/12"}],"replies":[{"embeddable":true,"href":"https:\/\/www.fffr.de\/index.php?rest_route=%2Fwp%2Fv2%2Fcomments&post=204"}],"version-history":[{"count":13,"href":"https:\/\/www.fffr.de\/index.php?rest_route=\/wp\/v2\/pages\/204\/revisions"}],"predecessor-version":[{"id":2048,"href":"https:\/\/www.fffr.de\/index.php?rest_route=\/wp\/v2\/pages\/204\/revisions\/2048"}],"wp:attachment":[{"href":"https:\/\/www.fffr.de\/index.php?rest_route=%2Fwp%2Fv2%2Fmedia&parent=204"}],"curies":[{"name":"wp","href":"https:\/\/api.w.org\/{rel}","templated":true}]}}