{"id":644,"date":"2009-02-27T18:06:53","date_gmt":"2009-02-27T16:06:53","guid":{"rendered":"http:\/\/www.fffr.de\/?page_id=644"},"modified":"2009-02-27T19:41:52","modified_gmt":"2009-02-27T17:41:52","slug":"winter-soldier-page-d-information","status":"publish","type":"page","link":"https:\/\/www.fffr.de\/?page_id=644","title":{"rendered":"Winter Soldier &#8211; page d&#8216; information francais"},"content":{"rendered":"<h3><a href=\"https:\/\/www.fffr.de\/wintersoldier\/franc\/IVAW-EU-Communique_de_presse.doc\" target=\"_blank\">Communiqu\u00e9 de presse<\/a><\/h3>\n<p>&#8222;Iraq veterans against the war&#8220; (les v\u00e9t\u00e9rans d&#8217;Irak contre la guerre) vous invitent \u00e0 une conf\u00e9rence \u00e0 Fribourg, le 14 mars??Soldat et v\u00e9t\u00e9rans vous diront la brutale v\u00e9rit\u00e9 des guerres d&#8217;Irak et d&#8217;Afghanistan.<\/p>\n<p>Iraq Veterans Against the War (IVAW) vous invite \u00e0 entendre la v\u00e9rit\u00e9 crue \u00e0 propos de ce qui se passe vraiment sur le terrain, en Irak et en Afghanistan, jour apr\u00e8s jour, de la bouche de v\u00e9t\u00e9rans am\u00e9ricains, britanniques et allemands. &#8222;Winter Soldier Europe&#8220; pr\u00e9sentera leur t\u00e9moignage \u00e0 Fribourg, en Allemane, le 14 mars, soit deux semaines avant le sommet annuel de l&#8217;OTAN de Strasbourg-Kehl (3 et 4 avril).<\/p>\n<p>Cette conf\u00e9rence est organis\u00e9e par la section europ\u00e9enne des &#8222;Iraq Veterans Against the War&#8220; (IVAW), et soutenue par Connection e.V., R\u00fcstungsInformationsB\u00fcro (RIB), Freiburger Friedensforum, Freiburger Friedenswoche, T\u00fcbingen Progressive Americans, Munich American Peace Committee, American Voices Abroad Berlin, Carl-Schurz-Haus Freiburg\/Deutsch-Amerikanisches Institut e.V., ainsi que par les groupes locaux de DFG-VK, ATTAC, VVN\/BdA et IPPNW.<\/p>\n<p>Le nom de &#8222;Winter Soldier&#8220;, donn\u00e9 \u00e0 cette conf\u00e9rence, fait r\u00e9f\u00e9rence \u00e0 un rassemblement similiaire qui eut lieu il y a trente ans,avec des v\u00e9t\u00e9rans de la guerre du Vietnam. L&#8217;expression &#8222;Winter Soldiers&#8220; est utilis\u00e9 par Thomas Paine, l&#8217;un des P\u00e8res fondateurs des Etats-Unis d&#8217;Am\u00e9rique, pour d\u00e9signer tous les citoyens qui se l\u00e8vent pour d\u00e9fendre leur patrie et l&#8217;id\u00e9e qu&#8217;ils s&#8217;en font, m\u00eame aux heures les plus sombres. IVAW a organis\u00e9 le premier rassemblement de &#8222;Winter Soldiers&#8220; l&#8217;an dernier \u00e0 Washington. <br \/>\n Tandis que les rapports officiels parlent d&#8217;am\u00e9lioration de la situation en Irak et en Afghanistan, ces v\u00e9t\u00e9rans entendent r\u00e9v\u00e9ler les r\u00e9alit\u00e9s inavouables et d\u00e9rangeantes de cette occupation militaire am\u00e9ricaine qui continue.<\/p>\n<p>Les t\u00e9moignages attendus :<\/p>\n<ul>\n<li>Andr\u00e9 Shepherd, d\u00e9serteur am\u00e9ricain qui demande l&#8217;asile en Allemagne<\/li>\n<li>Christian Neumann, soldat allemand, v\u00e9t\u00e9ran de la guerre d&#8217;Afghanistan<\/li>\n<li>Zack Baddorf, journaliste am\u00e9ricain employ\u00e9 par la Marine<\/li>\n<li>Chris Capps, v\u00e9t\u00e9ran am\u00e9ricain qui a d\u00e9sert\u00e9 avant d&#8217;\u00eatre envoy\u00e9 en Afghanistan<\/li>\n<\/ul>\n<p>&#8222;Nous avons entendu les politiciens, nous avons entendu les g\u00e9n\u00e9raux, nous avons entendu les m\u00e9dias. Maintenant, c&#8217;est notre tour&#8220; (Kelly Dougherty, directrice ex\u00e9cutive d&#8217;IVAW, ancienne sergent ayant servi en Irak).<\/p>\n<p>La conf\u00e9rence aura lieu le 14 mars 2009, de 10h \u00e0 19h, au Caf\u00e9 Velo, n\u00b015 Wentzinger Strasse, \u00e0 Fribourg (Stadtbahnbr\u00fccke\/HBF Freiburg). Nous serons heureux de vous accueillir.<\/p>\n<p>M\u00e9dias audiovisuels : pri\u00e8re de confirmer votre venue avant le 10 mars, afin qu&#8217;une prise audio puisse \u00eatre pr\u00e9vue. <br \/>\n L&#8217;organisation de cette conf\u00e9rence n\u00e9cessite un soutien financier. Envoyez vos dons \u00e0 &#8222;KDV im Krieg&#8220;, BIC GENODEM1GLS, IBAN DE42 4306 0967 8022 4097 00. Titre du virement : IVAW Europe\/Winter Soldier.<\/p>\n<p>Contacts m\u00e9dias\u00a0:<\/p>\n<ul>\n<li>Zack Baddorf, +40.749.617.478 (Romania), +423.663.129.121 (Lichtenstein),\u00a0 <a href=\"mailto:zack@baddorf.com\">zack@baddorf.com<\/a><\/li>\n<li>Chris Capps-Schubert, +49.152.062.65602 (Germany),\u00a0 <a href=\"mailto:europe@ivaw.org\">europe@ivaw.org <\/a> <\/li>\n<\/ul>\n<p><br class=\"spacer_\" \/><\/p>\n","protected":false},"excerpt":{"rendered":"<p>Communiqu\u00e9 de presse &#8222;Iraq veterans against the war&#8220; (les v\u00e9t\u00e9rans d&#8217;Irak contre la guerre) vous invitent \u00e0 une conf\u00e9rence \u00e0 Fribourg, le 14 mars??Soldat et v\u00e9t\u00e9rans vous diront la brutale v\u00e9rit\u00e9 des guerres d&#8217;Irak et d&#8217;Afghanistan. Iraq Veterans Against the War (IVAW) vous invite \u00e0 entendre la v\u00e9rit\u00e9 crue \u00e0 propos de ce qui se [&hellip;]<\/p>\n","protected":false},"author":12,"featured_media":0,"parent":627,"menu_order":3,"comment_status":"closed","ping_status":"closed","template":"","meta":{"footnotes":""},"class_list":["post-644","page","type-page","status-publish","hentry","entry"],"_links":{"self":[{"href":"https:\/\/www.fffr.de\/index.php?rest_route=\/wp\/v2\/pages\/644","targetHints":{"allow":["GET"]}}],"collection":[{"href":"https:\/\/www.fffr.de\/index.php?rest_route=\/wp\/v2\/pages"}],"about":[{"href":"https:\/\/www.fffr.de\/index.php?rest_route=\/wp\/v2\/types\/page"}],"author":[{"embeddable":true,"href":"https:\/\/www.fffr.de\/index.php?rest_route=\/wp\/v2\/users\/12"}],"replies":[{"embeddable":true,"href":"https:\/\/www.fffr.de\/index.php?rest_route=%2Fwp%2Fv2%2Fcomments&post=644"}],"version-history":[{"count":8,"href":"https:\/\/www.fffr.de\/index.php?rest_route=\/wp\/v2\/pages\/644\/revisions"}],"predecessor-version":[{"id":661,"href":"https:\/\/www.fffr.de\/index.php?rest_route=\/wp\/v2\/pages\/644\/revisions\/661"}],"up":[{"embeddable":true,"href":"https:\/\/www.fffr.de\/index.php?rest_route=\/wp\/v2\/pages\/627"}],"wp:attachment":[{"href":"https:\/\/www.fffr.de\/index.php?rest_route=%2Fwp%2Fv2%2Fmedia&parent=644"}],"curies":[{"name":"wp","href":"https:\/\/api.w.org\/{rel}","templated":true}]}}